{"id":693,"date":"2016-11-22T17:02:51","date_gmt":"2016-11-22T16:02:51","guid":{"rendered":"https:\/\/refugiescollectifsdromesud.wordpress.com\/?page_id=693"},"modified":"2025-06-23T14:03:59","modified_gmt":"2025-06-23T12:03:59","slug":"taulignan","status":"publish","type":"page","link":"https:\/\/www.collectifsrefugiesdromevaucluse.fr\/index.php\/taulignan\/","title":{"rendered":"Taulignan"},"content":{"rendered":"<p style=\"text-align:center;\"><strong><span style=\"color:#ff6600;\">Mise \u00e0 jour du 06 novembre 2017<\/span><\/strong><\/p>\n<figure id=\"attachment_1759\" aria-describedby=\"caption-attachment-1759\" style=\"width: 474px\" class=\"wp-caption aligncenter\"><img loading=\"lazy\" decoding=\"async\" class=\"size-full wp-image-1759\" src=\"https:\/\/refugiescollectifsdromesud.wordpress.com\/wp-content\/uploads\/2017\/10\/taulignan.jpg\" alt=\"Taulignan\" width=\"474\" height=\"366\"><\/a><figcaption id=\"caption-attachment-1759\" class=\"wp-caption-text\">Taulignan (26)<\/figcaption><\/figure>\n<p style=\"text-align:justify;\">L\u2019association Taulignan Accueil R\u00e9fugi\u00e9s f\u00eate ses un an d\u2019existence (octobre 2016). Elle a \u00e9t\u00e9 cr\u00e9\u00e9e avec l\u2019aide et les conseils de la mairie afin de recevoir une famille syrienne sous le protocole d\u2019accueil du Pr\u00e9fet Jean-Jacques Brot.<\/p>\n<p style=\"text-align:justify;\">La commune a mis \u00e0 disposition un appartement que des volontaires de l \u2018association ont nettoy\u00e9, meubl\u00e9 (\u00e0 l\u2019aide de dons) et d\u00e9cor\u00e9 jusqu\u2019\u00e0 ce qu&#8217;il soit impeccable pour l\u2019arriv\u00e9e d\u2019une famille.<\/p>\n<p style=\"text-align:justify;\">Les fonds ont \u00e9t\u00e9 recueillis avec les adh\u00e9sions au projet de 145 adh\u00e9rents, plus des dons (sous formes diverses) de m\u00e9c\u00e8nes mais \u00e9galement par la r\u00e9alisation de deux manifestations dont un Loto en d\u00e9cembre 2016 et un concert en d\u00e9but 2017.<\/p>\n<p style=\"text-align:justify;\">Taulignan Accueil R\u00e9fugi\u00e9s a \u00e9t\u00e9 structur\u00e9 en plusieurs commissions, exemple la commission administrative, logement, sant\u00e9, scolarisation, recherche de fond, transport etc\u2026 Ces commissions r\u00e9unissaient \u00e0 l\u2019\u00e9poque environ 35 b\u00e9n\u00e9voles qui \u0153uvraient pratiquement tous les jours jusqu\u2019\u00e0 l\u2019accueil de la famille le 20 f\u00e9vrier 2017.<\/p>\n<p style=\"text-align:justify;\">Le jour J des b\u00e9n\u00e9voles sont partis \u00e0 Marseille accueillir nos futurs h\u00f4tes. Le soir m\u00eame, <strong>la famille Barkal,<\/strong> constitu\u00e9e d\u2019un couple et de ses trois enfants, de confession musulmane non pratiquante, dormait dans leur nouvel appartement.<\/p>\n<p style=\"text-align:justify;\">Apr\u00e8s un petit temps d\u2019adaptation la famille et les b\u00e9n\u00e9voles ont pris doucement leurs marques. Certains volontaires et membres administratifs ont chang\u00e9.<\/p>\n<p style=\"text-align:justify;\">Le 6 mars les enfants \u00e2g\u00e9s de 7 ans pour Mohammad, 9 pour Okkesh et 11 ans pour Sibelcan (la demoiselle) ont \u00e9t\u00e9 scolaris\u00e9s au village et suivent, en plus, de fa\u00e7on journali\u00e8re des cours de soutien \u00e0 leur domicile gr\u00e2ce \u00e0 l\u2019intervention en relais de 4 personnes.<\/p>\n<p style=\"text-align:justify;\">Nous avons accompagn\u00e9 Abdulkarim dit Karim (le papa) et Firdaws (la maman) dans la vie de tous les jours mais \u00e9galement dans leurs d\u00e9marches administratives.<\/p>\n<p style=\"text-align:justify;\">Ils ont obtenu un statut de protection subsidiaire et un titre de s\u00e9jour d\u2019une validit\u00e9 d\u2019une ann\u00e9e. Ils sont inscrits aux diverses administrations de l\u2019Etat (Caf, S\u00e9curit\u00e9 Sociale, P\u00f4le Emploi, banque \u2026). Karim (ayant son permis de conduire) a pu s\u2019acheter un v\u00e9hicule.<\/p>\n<p style=\"text-align:justify;\">Les parents suivent depuis quelques mois des cours de francisation sur Valreas. Abdulkarim a travaill\u00e9 dans les vendanges pendant pr\u00e8s de 3 semaines et recherche un travail comme soudeur dans la construction m\u00e9tallique.<\/p>\n<p style=\"text-align:justify;\">La commune a confi\u00e9 un lopin de terre \u00e0 la famille qui a pu profiter des nombreuses r\u00e9coltes de l\u00e9gumes qui ont pouss\u00e9 gr\u00e2ce \u00e0 leurs mains vertes et leur assiduit\u00e9. Elle a pu \u00e9galement en partager avec son entourage.<\/p>\n<p style=\"text-align:justify;\">Depuis la nouvelle rentr\u00e9e scolaire les 3 enfants sont inscrits \u00e0 des activit\u00e9s sportives. De karat\u00e9 pour le plus jeune, le cadet fait du foot et l\u2019ain\u00e9e du tennis.<\/p>\n<p style=\"text-align:justify;\">Nous nous f\u00e9licitons de la capacit\u00e9 d\u2019int\u00e9gration et d\u2019ind\u00e9pendance que nos h\u00f4tes arrivent \u00e0 prendre.<\/p>\n<p><img decoding=\"async\" class=\" aligncenter\" src=\"https:\/\/plus.google.com\/u\/0\/_\/focus\/photos\/public\/AIbEiAIAAABECIjk4Pyzgur7iQEiC3ZjYXJkX3Bob3RvKihlMmMxNTRhY2VjNGU1ODE2MjBhMmQ3N2E2MWU0NDcwMTgzODRhOTE3MAECsCFULJzEvPB-H_fxyjJ3pyrKbQ\" alt=\"Image\"><\/p>\n<div dir=\"ltr\">\n<div class=\"gmail_signature\">\n<div dir=\"ltr\">\n<div dir=\"ltr\">\n<div dir=\"ltr\">\n<div dir=\"ltr\">\n<div dir=\"ltr\">\n<div>\n<div class=\"gmail_extra\">\n<div class=\"gmail_signature\">\n<div dir=\"ltr\">\n<div>\n<div dir=\"ltr\">\n<div>\n<div dir=\"ltr\">\n<div>\n<div dir=\"ltr\">\n<div>\n<div dir=\"ltr\">\n<div>\n<div style=\"text-align:center;\"><b>association loi 1901<\/b><b><br \/>\nMairie<\/b><br \/>\n<b>Place du Onze Novembre<\/b><br \/>\n<b>26770 TAULIGNAN<\/b><br \/>\n<b><\/b><\/div>\n<\/div>\n<div>\n<p style=\"text-align:center;\"><b><a href=\"mailto:acref.taulignan@gmail.com\" target=\"_blank\" rel=\"noopener\">acref.taulignan@gmail.com<br \/>\n<\/a><\/b><a href=\"http:\/\/www.facebook.com\/TaulignanAccueilRefugies\" target=\"_blank\" rel=\"noopener\"><b>www.facebook.com\/TaulignanAccueilRefugies<\/b><\/a><\/p>\n<\/div>\n<\/div>\n<\/div>\n<\/div>\n<\/div>\n<\/div>\n<\/div>\n<\/div>\n<\/div>\n<\/div>\n<\/div>\n<\/div>\n<\/div>\n<div><\/div>\n<\/div>\n<\/div>\n<\/div>\n<\/div>\n<\/div>\n<\/div>\n<\/div>\n<p style=\"text-align:center;\"><span style=\"color:#ff6600;\"><strong>Mise \u00e0 jour du 29 06 2017<\/strong><\/span><\/p>\n<div class=\"moz-forward-container\">\n<div dir=\"ltr\">\n<div class=\"gmail_default\" style=\"font-family:arial, helvetica, sans-serif;color:#000000;text-align:center;\">Bonjour,<\/div>\n<div class=\"gmail_default\" style=\"font-family:arial, helvetica, sans-serif;color:#000000;text-align:center;\">Le changement du bureau a \u00e9t\u00e9 fait en sous-pr\u00e9fecture il y a quelques temps. Donc nous vous informons que l&#8217;assocaition comprend 3 co-pr\u00e9sidents : Didier Wolbert, Ghislaine Ruffo, Evelyne Peyrol ;&nbsp; deux co-tr\u00e9soriers Ana\u00efs Milesi et Paul Sauteron ;&nbsp;une secrr\u00e9taire Muriel Seauve et une secr\u00e9taire adjointe Isabelle Ponson.<\/div>\n<div class=\"gmail_default\" style=\"font-family:arial, helvetica, sans-serif;color:#000000;text-align:center;\"><\/div>\n<div class=\"gmail_default\" style=\"font-family:arial, helvetica, sans-serif;color:#000000;text-align:center;\">Cordialement<\/div>\n<div class=\"gmail_default\" style=\"font-family:arial, helvetica, sans-serif;color:#000000;text-align:center;\">Didier Wolbert<\/div>\n<p>&#8212;<\/p>\n<div class=\"gmail_signature\">\n<div dir=\"ltr\">\n<div>\n<div dir=\"ltr\">\n<div>\n<div dir=\"ltr\">\n<div>\n<div dir=\"ltr\">\n<div>\n<div dir=\"ltr\">\n<div style=\"text-align:center;\"><span style=\"color:#741b47;\"><img decoding=\"async\" src=\"https:\/\/plus.google.com\/u\/0\/_\/focus\/photos\/public\/AIbEiAIAAABECIjk4Pyzgur7iQEiC3ZjYXJkX3Bob3RvKihlMmMxNTRhY2VjNGU1ODE2MjBhMmQ3N2E2MWU0NDcwMTgzODRhOTE3MAECsCFULJzEvPB-H_fxyjJ3pyrKbQ\" alt=\"Image\"><\/span><span style=\"color:#741b47;\"><br \/>\n<\/span><\/p>\n<div><b><span style=\"color:#0b5394;\">association loi 1901<\/span><\/b><br \/>\n<span style=\"color:#741b47;\"><b><span style=\"color:#0b5394;\"><br \/>\nMairie<\/span><\/b><\/span><br \/>\n<span style=\"color:#741b47;\"><b>Place du Onze Novembre<\/b><\/span><br \/>\n<b><span style=\"color:#0b5394;\">26770 TAULIGNAN<br \/>\n<\/span><\/b><br \/>\n<b><\/b><\/div>\n<\/div>\n<div style=\"text-align:center;\">\n<p><b><a href=\"mailto:acref.taulignan@gmail.com\" target=\"_blank\" rel=\"noopener\">acref.taulignan@gmail.com<\/a><\/b><\/p>\n<p><a href=\"http:\/\/www.facebook.com\/TaulignanAccueilRefugies\" target=\"_blank\" rel=\"noopener\"><b>www.facebook.com\/TaulignanAccueilRefugies<\/b><\/a><\/p>\n<\/div>\n<\/div>\n<\/div>\n<\/div>\n<\/div>\n<\/div>\n<\/div>\n<\/div>\n<\/div>\n<\/div>\n<\/div>\n<\/div>\n<\/div>\n<h1 style=\"text-align:center;\"><span class=\"m_4037609473613409966gmail-\" style=\"color:#339966;\"><b>TAULIGNAN ACCUEIL R\u00c9FUGI\u00c9S<\/b><\/span><\/h1>\n<p style=\"text-align:justify;\">Depuis 2016, les conflits au Moyen Orient (Territoires de la Syrie et de l\u2019Irak) contraignent les populations \u00e0 l\u2019exil. L\u2019\u00c9tat fran\u00e7ais a d\u00e9cid\u00e9 de prendre sa part dans l\u2019accueil de ces r\u00e9fugi\u00e9s. La municipalit\u00e9 de Taulignan dans la mesure o\u00f9 elle dispose d\u2019un logement libre a d\u00e9lib\u00e9r\u00e9 le 26 avril 2016 en ce sens. \u00c0 l\u2019initiative de la Municipalit\u00e9, une r\u00e9union de pr\u00e9sentation et de mobilisation s\u2019est tenue en Mairie le lundi 29 ao\u00fbt. Une partie de la soci\u00e9t\u00e9 civile compos\u00e9e d\u2019habitants de Taulignan et des communes voisines a r\u00e9pondu favorablement au souhait de la collectivit\u00e9.&nbsp; Des repr\u00e9sentants du collectif du Nyonsais pour l\u2019accueil des r\u00e9fugi\u00e9s y ont particip\u00e9 et ils ont expos\u00e9 leur exp\u00e9rience.&nbsp; Ces informations ont guid\u00e9 la r\u00e9flexion sur la prise en compte des divers aspects du dispositif n\u00e9cessaire \u00e0 la mise en place de l\u2019accueil des r\u00e9fugi\u00e9s. Le vendredi 14 octobre 2016, cet ensemble de citoyens r\u00e9unis en Assembl\u00e9e G\u00e9n\u00e9rale Constitutive a cr\u00e9\u00e9 l\u2019association Taulignan Accueil R\u00e9fugi\u00e9s.<\/p>\n<p style=\"text-align:justify;\">Cette association a pour objet de mobiliser de fa\u00e7on b\u00e9n\u00e9vole et d\u00e9sint\u00e9ress\u00e9e les ressources de natures, humaines, financi\u00e8res, mat\u00e9rielles, techniques, scientifiques, relationnelles, professionnelles de ses membres et sympathisants, pour venir en aide aux personnes et familles r\u00e9fugi\u00e9es par suite de fait de guerre civile, ext\u00e9rieure, de g\u00e9nocide, ou de situations mettant en p\u00e9ril leur s\u00e9curit\u00e9 dans leurs pays respectifs. Ces aides et contributions ont pour but de faire b\u00e9n\u00e9ficier ces personnes ou familles d\u2019une existence d\u00e9cente sur notre territoire, Taulignan et communes&nbsp; voisines. Prioritairement en ce qui concerne les moyens de subsistance indispensables \u00e0 la dignit\u00e9 humaine, le logement, la nourriture, la pr\u00e9servation de leur sant\u00e9, l\u2019acc\u00e8s \u00e0 l\u2019enseignement et la culture, \u00e0 l\u2019apprentissage de la langue fran\u00e7aise, et ses subtilit\u00e9s de pens\u00e9es, ainsi que toute autre besoin pouvant s\u2019y rattacher, en particulier en ce qui concerne leurs obligations administratives et leurs capacit\u00e9s et choix professionnels. Cette association se veut la\u00efque, ind\u00e9pendante de tout courant ou organisation politique, \u00e0 vocation religieuse, spirituelle ou corporatiste, et sans discrimination de sexe ou de race&nbsp;\u00bb (Conventions de Gen\u00e8ve 1949, inscrite dans notre constitution).<\/p>\n<p style=\"text-align:justify;\">Le bureau est constitu\u00e9 de : Maryam Ladreyt (Pr\u00e9sidente), Nadia Guetari (Vice-Pr\u00e9sidente), Muriel Seauve (Secr\u00e9taire), Roger Ruffo (1er Secr\u00e9taire adjoint), St\u00e9phanie Veyrier (2\u00e8me Secr\u00e9taire adjointe), Paul Sauteron (Tr\u00e9sorier) et Ana\u00efs Milesi (Tr\u00e9sori\u00e8re adjointe).<\/p>\n<p style=\"text-align:justify;\">La solidarit\u00e9 est l\u2019affaire de tous. Chacun peut apporter sa pierre \u00e0 l\u2019\u00e9difice. Quelles que soient vos comp\u00e9tences, nous avons besoin de vous&#8230; Adh\u00e9rez \u00e0 notre association !<\/p>\n<p><img decoding=\"async\" class=\"aligncenter\" src=\"https:\/\/plus.google.com\/u\/0\/_\/focus\/photos\/public\/AIbEiAIAAABECIjk4Pyzgur7iQEiC3ZjYXJkX3Bob3RvKihlMmMxNTRhY2VjNGU1ODE2MjBhMmQ3N2E2MWU0NDcwMTgzODRhOTE3MAECsCFULJzEvPB-H_fxyjJ3pyrKbQ\" alt=\"Image\"><\/p>\n<p style=\"text-align:center;\">\n<div>\n<div style=\"text-align:center;\"><b>association loi 1901<\/b><b><br \/>\nMairie<\/b><br \/>\n<b>Place du Onze Novembre<\/b><br \/>\n<b>26770 TAULIGNAN<br \/>\n<\/b><br \/>\n<b><\/b><\/div>\n<\/div>\n<div>\n<p style=\"text-align:center;\"><b><a href=\"mailto:acref.taulignan@gmail.com\" target=\"_blank\" rel=\"noopener\">acref.taulignan@gmail.com<br \/>\n<\/a><\/b><b><\/b><a href=\"http:\/\/www.facebook.com\/TaulignanAccueilRefugies\" target=\"_blank\" rel=\"noopener\"><b>www.facebook.com\/TaulignanAccueilRefugies<\/b><\/a><\/p>\n<\/div>\n","protected":false},"excerpt":{"rendered":"<p>Mise \u00e0 jour du 06 novembre 2017 L\u2019association Taulignan Accueil R\u00e9fugi\u00e9s f\u00eate ses un an d\u2019existence (octobre 2016). Elle a \u00e9t\u00e9 cr\u00e9\u00e9e avec l\u2019aide et les conseils de la mairie afin de recevoir une famille syrienne sous le protocole d\u2019accueil du Pr\u00e9fet Jean-Jacques Brot. La commune a mis \u00e0 disposition un appartement que des volontaires [&hellip;]<\/p>\n","protected":false},"author":1,"featured_media":686,"parent":0,"menu_order":0,"comment_status":"closed","ping_status":"closed","template":"","meta":{"footnotes":""},"class_list":["post-693","page","type-page","status-publish","has-post-thumbnail","hentry"],"yoast_head":"<!-- This site is optimized with the Yoast SEO plugin v27.5 - https:\/\/yoast.com\/product\/yoast-seo-wordpress\/ -->\n<title>Taulignan - Collectifs pour l&#039;accueil des r\u00e9fugi\u00e9s en dr\u00f4me et vaucluse<\/title>\n<meta name=\"robots\" content=\"index, follow, max-snippet:-1, max-image-preview:large, max-video-preview:-1\" \/>\n<link rel=\"canonical\" href=\"https:\/\/www.collectifsrefugiesdromevaucluse.fr\/index.php\/comites__trashed\/taulignan\/\" \/>\n<meta property=\"og:locale\" content=\"fr_FR\" \/>\n<meta property=\"og:type\" content=\"article\" \/>\n<meta property=\"og:title\" content=\"Taulignan - Collectifs pour l&#039;accueil des r\u00e9fugi\u00e9s en dr\u00f4me et vaucluse\" \/>\n<meta property=\"og:description\" content=\"Mise \u00e0 jour du 06 novembre 2017 L\u2019association Taulignan Accueil R\u00e9fugi\u00e9s f\u00eate ses un an d\u2019existence (octobre 2016). Elle a \u00e9t\u00e9 cr\u00e9\u00e9e avec l\u2019aide et les conseils de la mairie afin de recevoir une famille syrienne sous le protocole d\u2019accueil du Pr\u00e9fet Jean-Jacques Brot. La commune a mis \u00e0 disposition un appartement que des volontaires [&hellip;]\" \/>\n<meta property=\"og:url\" content=\"https:\/\/www.collectifsrefugiesdromevaucluse.fr\/index.php\/comites__trashed\/taulignan\/\" \/>\n<meta property=\"og:site_name\" content=\"Collectifs pour l&#039;accueil des r\u00e9fugi\u00e9s en dr\u00f4me et vaucluse\" \/>\n<meta property=\"article:modified_time\" content=\"2025-06-23T12:03:59+00:00\" \/>\n<meta property=\"og:image\" content=\"https:\/\/www.collectifsrefugiesdromevaucluse.fr\/wp-content\/uploads\/2016\/11\/taulignan_web.jpg\" \/>\n\t<meta property=\"og:image:width\" content=\"1250\" \/>\n\t<meta property=\"og:image:height\" content=\"488\" \/>\n\t<meta property=\"og:image:type\" content=\"image\/jpeg\" \/>\n<meta name=\"twitter:card\" content=\"summary_large_image\" \/>\n<meta name=\"twitter:label1\" content=\"Dur\u00e9e de lecture estim\u00e9e\" \/>\n\t<meta name=\"twitter:data1\" content=\"5 minutes\" \/>\n<script type=\"application\/ld+json\" class=\"yoast-schema-graph\">{\"@context\":\"https:\\\/\\\/schema.org\",\"@graph\":[{\"@type\":\"WebPage\",\"@id\":\"https:\\\/\\\/www.collectifsrefugiesdromevaucluse.fr\\\/index.php\\\/comites__trashed\\\/taulignan\\\/\",\"url\":\"https:\\\/\\\/www.collectifsrefugiesdromevaucluse.fr\\\/index.php\\\/comites__trashed\\\/taulignan\\\/\",\"name\":\"Taulignan - Collectifs pour l&#039;accueil des r\u00e9fugi\u00e9s en dr\u00f4me et vaucluse\",\"isPartOf\":{\"@id\":\"https:\\\/\\\/www.collectifsrefugiesdromevaucluse.fr\\\/#website\"},\"primaryImageOfPage\":{\"@id\":\"https:\\\/\\\/www.collectifsrefugiesdromevaucluse.fr\\\/index.php\\\/comites__trashed\\\/taulignan\\\/#primaryimage\"},\"image\":{\"@id\":\"https:\\\/\\\/www.collectifsrefugiesdromevaucluse.fr\\\/index.php\\\/comites__trashed\\\/taulignan\\\/#primaryimage\"},\"thumbnailUrl\":\"https:\\\/\\\/www.collectifsrefugiesdromevaucluse.fr\\\/wp-content\\\/uploads\\\/2016\\\/11\\\/taulignan_web.jpg\",\"datePublished\":\"2016-11-22T16:02:51+00:00\",\"dateModified\":\"2025-06-23T12:03:59+00:00\",\"breadcrumb\":{\"@id\":\"https:\\\/\\\/www.collectifsrefugiesdromevaucluse.fr\\\/index.php\\\/comites__trashed\\\/taulignan\\\/#breadcrumb\"},\"inLanguage\":\"fr-FR\",\"potentialAction\":[{\"@type\":\"ReadAction\",\"target\":[\"https:\\\/\\\/www.collectifsrefugiesdromevaucluse.fr\\\/index.php\\\/comites__trashed\\\/taulignan\\\/\"]}]},{\"@type\":\"ImageObject\",\"inLanguage\":\"fr-FR\",\"@id\":\"https:\\\/\\\/www.collectifsrefugiesdromevaucluse.fr\\\/index.php\\\/comites__trashed\\\/taulignan\\\/#primaryimage\",\"url\":\"https:\\\/\\\/www.collectifsrefugiesdromevaucluse.fr\\\/wp-content\\\/uploads\\\/2016\\\/11\\\/taulignan_web.jpg\",\"contentUrl\":\"https:\\\/\\\/www.collectifsrefugiesdromevaucluse.fr\\\/wp-content\\\/uploads\\\/2016\\\/11\\\/taulignan_web.jpg\",\"width\":1250,\"height\":488},{\"@type\":\"BreadcrumbList\",\"@id\":\"https:\\\/\\\/www.collectifsrefugiesdromevaucluse.fr\\\/index.php\\\/comites__trashed\\\/taulignan\\\/#breadcrumb\",\"itemListElement\":[{\"@type\":\"ListItem\",\"position\":1,\"name\":\"Accueil\",\"item\":\"https:\\\/\\\/www.collectifsrefugiesdromevaucluse.fr\\\/\"},{\"@type\":\"ListItem\",\"position\":2,\"name\":\"Taulignan\"}]},{\"@type\":\"WebSite\",\"@id\":\"https:\\\/\\\/www.collectifsrefugiesdromevaucluse.fr\\\/#website\",\"url\":\"https:\\\/\\\/www.collectifsrefugiesdromevaucluse.fr\\\/\",\"name\":\"Collectifs pour l'accueil des r\u00e9fugi\u00e9s en dr\u00f4me et vaucluse\",\"description\":\"L&#039;accueil des r\u00e9fugi\u00e9s en Dr\u00f4me et Vaucluse\",\"publisher\":{\"@id\":\"https:\\\/\\\/www.collectifsrefugiesdromevaucluse.fr\\\/#organization\"},\"potentialAction\":[{\"@type\":\"SearchAction\",\"target\":{\"@type\":\"EntryPoint\",\"urlTemplate\":\"https:\\\/\\\/www.collectifsrefugiesdromevaucluse.fr\\\/?s={search_term_string}\"},\"query-input\":{\"@type\":\"PropertyValueSpecification\",\"valueRequired\":true,\"valueName\":\"search_term_string\"}}],\"inLanguage\":\"fr-FR\"},{\"@type\":\"Organization\",\"@id\":\"https:\\\/\\\/www.collectifsrefugiesdromevaucluse.fr\\\/#organization\",\"name\":\"Collectifs pour l'accueil des r\u00e9fugi\u00e9s en dr\u00f4me et vaucluse\",\"url\":\"https:\\\/\\\/www.collectifsrefugiesdromevaucluse.fr\\\/\",\"logo\":{\"@type\":\"ImageObject\",\"inLanguage\":\"fr-FR\",\"@id\":\"https:\\\/\\\/www.collectifsrefugiesdromevaucluse.fr\\\/#\\\/schema\\\/logo\\\/image\\\/\",\"url\":\"https:\\\/\\\/www.collectifsrefugiesdromevaucluse.fr\\\/wp-content\\\/uploads\\\/2026\\\/02\\\/Logo-MP.png\",\"contentUrl\":\"https:\\\/\\\/www.collectifsrefugiesdromevaucluse.fr\\\/wp-content\\\/uploads\\\/2026\\\/02\\\/Logo-MP.png\",\"width\":802,\"height\":734,\"caption\":\"Collectifs pour l'accueil des r\u00e9fugi\u00e9s en dr\u00f4me et vaucluse\"},\"image\":{\"@id\":\"https:\\\/\\\/www.collectifsrefugiesdromevaucluse.fr\\\/#\\\/schema\\\/logo\\\/image\\\/\"}}]}<\/script>\n<!-- \/ Yoast SEO plugin. -->","yoast_head_json":{"title":"Taulignan - Collectifs pour l&#039;accueil des r\u00e9fugi\u00e9s en dr\u00f4me et vaucluse","robots":{"index":"index","follow":"follow","max-snippet":"max-snippet:-1","max-image-preview":"max-image-preview:large","max-video-preview":"max-video-preview:-1"},"canonical":"https:\/\/www.collectifsrefugiesdromevaucluse.fr\/index.php\/comites__trashed\/taulignan\/","og_locale":"fr_FR","og_type":"article","og_title":"Taulignan - Collectifs pour l&#039;accueil des r\u00e9fugi\u00e9s en dr\u00f4me et vaucluse","og_description":"Mise \u00e0 jour du 06 novembre 2017 L\u2019association Taulignan Accueil R\u00e9fugi\u00e9s f\u00eate ses un an d\u2019existence (octobre 2016). Elle a \u00e9t\u00e9 cr\u00e9\u00e9e avec l\u2019aide et les conseils de la mairie afin de recevoir une famille syrienne sous le protocole d\u2019accueil du Pr\u00e9fet Jean-Jacques Brot. La commune a mis \u00e0 disposition un appartement que des volontaires [&hellip;]","og_url":"https:\/\/www.collectifsrefugiesdromevaucluse.fr\/index.php\/comites__trashed\/taulignan\/","og_site_name":"Collectifs pour l&#039;accueil des r\u00e9fugi\u00e9s en dr\u00f4me et vaucluse","article_modified_time":"2025-06-23T12:03:59+00:00","og_image":[{"width":1250,"height":488,"url":"https:\/\/www.collectifsrefugiesdromevaucluse.fr\/wp-content\/uploads\/2016\/11\/taulignan_web.jpg","type":"image\/jpeg"}],"twitter_card":"summary_large_image","twitter_misc":{"Dur\u00e9e de lecture estim\u00e9e":"5 minutes"},"schema":{"@context":"https:\/\/schema.org","@graph":[{"@type":"WebPage","@id":"https:\/\/www.collectifsrefugiesdromevaucluse.fr\/index.php\/comites__trashed\/taulignan\/","url":"https:\/\/www.collectifsrefugiesdromevaucluse.fr\/index.php\/comites__trashed\/taulignan\/","name":"Taulignan - Collectifs pour l&#039;accueil des r\u00e9fugi\u00e9s en dr\u00f4me et vaucluse","isPartOf":{"@id":"https:\/\/www.collectifsrefugiesdromevaucluse.fr\/#website"},"primaryImageOfPage":{"@id":"https:\/\/www.collectifsrefugiesdromevaucluse.fr\/index.php\/comites__trashed\/taulignan\/#primaryimage"},"image":{"@id":"https:\/\/www.collectifsrefugiesdromevaucluse.fr\/index.php\/comites__trashed\/taulignan\/#primaryimage"},"thumbnailUrl":"https:\/\/www.collectifsrefugiesdromevaucluse.fr\/wp-content\/uploads\/2016\/11\/taulignan_web.jpg","datePublished":"2016-11-22T16:02:51+00:00","dateModified":"2025-06-23T12:03:59+00:00","breadcrumb":{"@id":"https:\/\/www.collectifsrefugiesdromevaucluse.fr\/index.php\/comites__trashed\/taulignan\/#breadcrumb"},"inLanguage":"fr-FR","potentialAction":[{"@type":"ReadAction","target":["https:\/\/www.collectifsrefugiesdromevaucluse.fr\/index.php\/comites__trashed\/taulignan\/"]}]},{"@type":"ImageObject","inLanguage":"fr-FR","@id":"https:\/\/www.collectifsrefugiesdromevaucluse.fr\/index.php\/comites__trashed\/taulignan\/#primaryimage","url":"https:\/\/www.collectifsrefugiesdromevaucluse.fr\/wp-content\/uploads\/2016\/11\/taulignan_web.jpg","contentUrl":"https:\/\/www.collectifsrefugiesdromevaucluse.fr\/wp-content\/uploads\/2016\/11\/taulignan_web.jpg","width":1250,"height":488},{"@type":"BreadcrumbList","@id":"https:\/\/www.collectifsrefugiesdromevaucluse.fr\/index.php\/comites__trashed\/taulignan\/#breadcrumb","itemListElement":[{"@type":"ListItem","position":1,"name":"Accueil","item":"https:\/\/www.collectifsrefugiesdromevaucluse.fr\/"},{"@type":"ListItem","position":2,"name":"Taulignan"}]},{"@type":"WebSite","@id":"https:\/\/www.collectifsrefugiesdromevaucluse.fr\/#website","url":"https:\/\/www.collectifsrefugiesdromevaucluse.fr\/","name":"Collectifs pour l'accueil des r\u00e9fugi\u00e9s en dr\u00f4me et vaucluse","description":"L&#039;accueil des r\u00e9fugi\u00e9s en Dr\u00f4me et Vaucluse","publisher":{"@id":"https:\/\/www.collectifsrefugiesdromevaucluse.fr\/#organization"},"potentialAction":[{"@type":"SearchAction","target":{"@type":"EntryPoint","urlTemplate":"https:\/\/www.collectifsrefugiesdromevaucluse.fr\/?s={search_term_string}"},"query-input":{"@type":"PropertyValueSpecification","valueRequired":true,"valueName":"search_term_string"}}],"inLanguage":"fr-FR"},{"@type":"Organization","@id":"https:\/\/www.collectifsrefugiesdromevaucluse.fr\/#organization","name":"Collectifs pour l'accueil des r\u00e9fugi\u00e9s en dr\u00f4me et vaucluse","url":"https:\/\/www.collectifsrefugiesdromevaucluse.fr\/","logo":{"@type":"ImageObject","inLanguage":"fr-FR","@id":"https:\/\/www.collectifsrefugiesdromevaucluse.fr\/#\/schema\/logo\/image\/","url":"https:\/\/www.collectifsrefugiesdromevaucluse.fr\/wp-content\/uploads\/2026\/02\/Logo-MP.png","contentUrl":"https:\/\/www.collectifsrefugiesdromevaucluse.fr\/wp-content\/uploads\/2026\/02\/Logo-MP.png","width":802,"height":734,"caption":"Collectifs pour l'accueil des r\u00e9fugi\u00e9s en dr\u00f4me et vaucluse"},"image":{"@id":"https:\/\/www.collectifsrefugiesdromevaucluse.fr\/#\/schema\/logo\/image\/"}}]}},"jetpack_sharing_enabled":true,"_links":{"self":[{"href":"https:\/\/www.collectifsrefugiesdromevaucluse.fr\/index.php\/wp-json\/wp\/v2\/pages\/693","targetHints":{"allow":["GET"]}}],"collection":[{"href":"https:\/\/www.collectifsrefugiesdromevaucluse.fr\/index.php\/wp-json\/wp\/v2\/pages"}],"about":[{"href":"https:\/\/www.collectifsrefugiesdromevaucluse.fr\/index.php\/wp-json\/wp\/v2\/types\/page"}],"author":[{"embeddable":true,"href":"https:\/\/www.collectifsrefugiesdromevaucluse.fr\/index.php\/wp-json\/wp\/v2\/users\/1"}],"replies":[{"embeddable":true,"href":"https:\/\/www.collectifsrefugiesdromevaucluse.fr\/index.php\/wp-json\/wp\/v2\/comments?post=693"}],"version-history":[{"count":3,"href":"https:\/\/www.collectifsrefugiesdromevaucluse.fr\/index.php\/wp-json\/wp\/v2\/pages\/693\/revisions"}],"predecessor-version":[{"id":6823,"href":"https:\/\/www.collectifsrefugiesdromevaucluse.fr\/index.php\/wp-json\/wp\/v2\/pages\/693\/revisions\/6823"}],"wp:featuredmedia":[{"embeddable":true,"href":"https:\/\/www.collectifsrefugiesdromevaucluse.fr\/index.php\/wp-json\/wp\/v2\/media\/686"}],"wp:attachment":[{"href":"https:\/\/www.collectifsrefugiesdromevaucluse.fr\/index.php\/wp-json\/wp\/v2\/media?parent=693"}],"curies":[{"name":"wp","href":"https:\/\/api.w.org\/{rel}","templated":true}]}}