{"id":1235,"date":"2017-05-23T22:21:47","date_gmt":"2017-05-23T21:21:47","guid":{"rendered":"https:\/\/refugiescollectifsdromesud.wordpress.com\/?page_id=1235"},"modified":"2025-06-23T14:09:02","modified_gmt":"2025-06-23T12:09:02","slug":"collectif-refugies-du-vaucluse","status":"publish","type":"page","link":"https:\/\/www.collectifsrefugiesdromevaucluse.fr\/index.php\/collectif-refugies-du-vaucluse\/","title":{"rendered":"Collectif R\u00e9fugi\u00e9s du Vaucluse"},"content":{"rendered":"<p><em><span style=\"color:#ff6600;\">Mise \u00e0 jour du 23 05 2017<\/span><\/em><\/p>\n<p>Collectif R\u00e9fugi\u00e9s du Vaucluse &#8211; Pr\u00e9sentation<\/p>\n<p style=\"text-align:justify;\">&#8220;Les valeurs de fraternit\u00e9, d\u2019hospitalit\u00e9, de solidarit\u00e9, de partage, de bienveillance \u00e0 l\u2019\u00e9gard des personnes fuyant la guerre, la dictature, et la mis\u00e8re, sont au c\u0153ur du projet de notre collectif.<\/p>\n<p style=\"text-align:justify;\">Nous sommes une seule humanit\u00e9 sur une seule terre vivante.<\/p>\n<p style=\"text-align:justify;\">Qu\u2019on les appelle r\u00e9fugi\u00e9s ou migrants, nous leur reconnaissons l\u00e9gitimit\u00e9 \u00e0 demander ici asile. Nous voulons \u00eatre<strong> des passeurs d\u2019hospitalit\u00e9<\/strong>.<\/p>\n<p style=\"text-align:justify;\">Les r\u00e9fugi\u00e9s d\u00e9plac\u00e9s de Calais \u00e0 Carpentras en f\u00e9vrier 2016 sont&nbsp; au <span style=\"color:#000000;\"><strong>Centre d\u2019accueil et d\u2019orientation de Bonpas<\/strong> <\/span>depuis&nbsp; juillet 2016, et nous avons continu\u00e9 \u00e0 les suivre dans ce lieu d\u00e9primant situ\u00e9 entre la N7, la voie TGV et l\u2019autoroute, \u00e0 10 km au sud d\u2019Avignon, loin de tout commerce et habitation, tr\u00e8s peu desservi par les transports en commun\u2026 <strong><span style=\"color:#ff6600;\">Pr\u00e8s de 50 demandeurs d\u2019asile sont pr\u00e9sents sur le CAO de Bonpas.<\/span><\/strong><\/p>\n<p style=\"text-align:justify;\">Nous y organisons des cours de fran\u00e7ais, des activit\u00e9s, des collectes de v\u00eatements, l\u2019accompagnement aux rendez-vous m\u00e9dicaux, l\u2019aide aux d\u00e9placements pour les convocations, des pique-niques, des visites, des cr\u00eapes-party, des repas, des moments de convivialit\u00e9, du jardinage, des jeux&#8230;.<\/p>\n<p style=\"text-align:justify;\"><strong><span style=\"color:#ff6600;\">A Carpentras un groupe de b\u00e9n\u00e9voles entoure des &#8220;mineurs non accompagn\u00e9s&#8221;<\/span> <\/strong>scolaris\u00e9s mais peu encadr\u00e9s en dehors du temps scolaire. L&#8217;objectif notamment est de poursuivre pendant les cong\u00e9s scolaires l\u2019enseignement du FLE dispens\u00e9 au coll\u00e8ge(fran\u00e7ais langue \u00e9trang\u00e8re)&nbsp; afin de pr\u00e9parer ces jeunes \u00e0 l\u2019obtention du DELF A2.<\/p>\n<p style=\"text-align:justify;\">Nous gardons aussi le contact avec les <span style=\"color:#ff6600;\"><strong>demandeurs d\u2019asile h\u00e9berg\u00e9s au CADA de Cavaillon<\/strong><\/span>, et que nous sommes d\u00e9sol\u00e9s de ne pas suivre davantage faute de relais citoyens locaux.<\/p>\n<p style=\"text-align:justify;\"><strong><span style=\"color:#ff6600;\"><span style=\"color:#000000;\">Le collectif s\u2019est constitu\u00e9 en association loi 1901 lors de l\u2019AG constitutive du 12 d\u00e9cembre 2016 sous le titre \u00ab Collectif &#8220;r\u00e9fugi\u00e9s&#8221; du Vaucluse \u00bb<\/span>.<\/span><\/strong> La forme associative permet une reconnaissance officielle aupr\u00e8s des autorit\u00e9s, la mise \u00e0 disposition de salles, ainsi que la perception de dons.<\/p>\n<p><strong><em>Pour l&#8217;association,<\/em><\/strong><br \/>\n<strong><em>Louise, charg\u00e9e de la&nbsp;<\/em><\/strong><b><i>messagerie<br \/>\n<\/i><\/b>Contacts : <a href=\"https:\/\/webmail1f.orange.fr\/webmail\/fr_FR\/read.html?FOLDER=SF_OUTBOX&amp;IDMSG=17684&amp;check=&amp;SORTBY=1\">collectifrefugiescomtat@gmail.com<\/a><br \/>\nT\u00e9l 04.90.63.49.00\/ 04.90.34.35.54<\/p>\n","protected":false},"excerpt":{"rendered":"<p>Mise \u00e0 jour du 23 05 2017 Collectif R\u00e9fugi\u00e9s du Vaucluse &#8211; Pr\u00e9sentation &#8220;Les valeurs de fraternit\u00e9, d\u2019hospitalit\u00e9, de solidarit\u00e9, de partage, de bienveillance \u00e0 l\u2019\u00e9gard des personnes fuyant la guerre, la dictature, et la mis\u00e8re, sont au c\u0153ur du projet de notre collectif. Nous sommes une seule humanit\u00e9 sur une seule terre vivante. Qu\u2019on [&hellip;]<\/p>\n","protected":false},"author":1,"featured_media":0,"parent":0,"menu_order":0,"comment_status":"closed","ping_status":"closed","template":"","meta":{"footnotes":""},"class_list":["post-1235","page","type-page","status-publish","hentry"],"yoast_head":"<!-- This site is optimized with the Yoast SEO plugin v27.5 - https:\/\/yoast.com\/product\/yoast-seo-wordpress\/ -->\n<title>Collectif R\u00e9fugi\u00e9s du Vaucluse - Collectifs pour l&#039;accueil des r\u00e9fugi\u00e9s en dr\u00f4me et vaucluse<\/title>\n<meta name=\"robots\" content=\"index, follow, max-snippet:-1, max-image-preview:large, max-video-preview:-1\" \/>\n<link rel=\"canonical\" href=\"https:\/\/www.collectifsrefugiesdromevaucluse.fr\/index.php\/comites__trashed\/collectif-refugies-du-vaucluse\/\" \/>\n<meta property=\"og:locale\" content=\"fr_FR\" \/>\n<meta property=\"og:type\" content=\"article\" \/>\n<meta property=\"og:title\" content=\"Collectif R\u00e9fugi\u00e9s du Vaucluse - Collectifs pour l&#039;accueil des r\u00e9fugi\u00e9s en dr\u00f4me et vaucluse\" \/>\n<meta property=\"og:description\" content=\"Mise \u00e0 jour du 23 05 2017 Collectif R\u00e9fugi\u00e9s du Vaucluse &#8211; Pr\u00e9sentation &#8220;Les valeurs de fraternit\u00e9, d\u2019hospitalit\u00e9, de solidarit\u00e9, de partage, de bienveillance \u00e0 l\u2019\u00e9gard des personnes fuyant la guerre, la dictature, et la mis\u00e8re, sont au c\u0153ur du projet de notre collectif. Nous sommes une seule humanit\u00e9 sur une seule terre vivante. Qu\u2019on [&hellip;]\" \/>\n<meta property=\"og:url\" content=\"https:\/\/www.collectifsrefugiesdromevaucluse.fr\/index.php\/comites__trashed\/collectif-refugies-du-vaucluse\/\" \/>\n<meta property=\"og:site_name\" content=\"Collectifs pour l&#039;accueil des r\u00e9fugi\u00e9s en dr\u00f4me et vaucluse\" \/>\n<meta property=\"article:modified_time\" content=\"2025-06-23T12:09:02+00:00\" \/>\n<meta name=\"twitter:card\" content=\"summary_large_image\" \/>\n<meta name=\"twitter:label1\" content=\"Dur\u00e9e de lecture estim\u00e9e\" \/>\n\t<meta name=\"twitter:data1\" content=\"2 minutes\" \/>\n<script type=\"application\/ld+json\" class=\"yoast-schema-graph\">{\"@context\":\"https:\\\/\\\/schema.org\",\"@graph\":[{\"@type\":\"WebPage\",\"@id\":\"https:\\\/\\\/www.collectifsrefugiesdromevaucluse.fr\\\/index.php\\\/comites__trashed\\\/collectif-refugies-du-vaucluse\\\/\",\"url\":\"https:\\\/\\\/www.collectifsrefugiesdromevaucluse.fr\\\/index.php\\\/comites__trashed\\\/collectif-refugies-du-vaucluse\\\/\",\"name\":\"Collectif R\u00e9fugi\u00e9s du Vaucluse - Collectifs pour l&#039;accueil des r\u00e9fugi\u00e9s en dr\u00f4me et vaucluse\",\"isPartOf\":{\"@id\":\"https:\\\/\\\/www.collectifsrefugiesdromevaucluse.fr\\\/#website\"},\"datePublished\":\"2017-05-23T21:21:47+00:00\",\"dateModified\":\"2025-06-23T12:09:02+00:00\",\"breadcrumb\":{\"@id\":\"https:\\\/\\\/www.collectifsrefugiesdromevaucluse.fr\\\/index.php\\\/comites__trashed\\\/collectif-refugies-du-vaucluse\\\/#breadcrumb\"},\"inLanguage\":\"fr-FR\",\"potentialAction\":[{\"@type\":\"ReadAction\",\"target\":[\"https:\\\/\\\/www.collectifsrefugiesdromevaucluse.fr\\\/index.php\\\/comites__trashed\\\/collectif-refugies-du-vaucluse\\\/\"]}]},{\"@type\":\"BreadcrumbList\",\"@id\":\"https:\\\/\\\/www.collectifsrefugiesdromevaucluse.fr\\\/index.php\\\/comites__trashed\\\/collectif-refugies-du-vaucluse\\\/#breadcrumb\",\"itemListElement\":[{\"@type\":\"ListItem\",\"position\":1,\"name\":\"Accueil\",\"item\":\"https:\\\/\\\/www.collectifsrefugiesdromevaucluse.fr\\\/\"},{\"@type\":\"ListItem\",\"position\":2,\"name\":\"Collectif R\u00e9fugi\u00e9s du Vaucluse\"}]},{\"@type\":\"WebSite\",\"@id\":\"https:\\\/\\\/www.collectifsrefugiesdromevaucluse.fr\\\/#website\",\"url\":\"https:\\\/\\\/www.collectifsrefugiesdromevaucluse.fr\\\/\",\"name\":\"Collectifs pour l'accueil des r\u00e9fugi\u00e9s en dr\u00f4me et vaucluse\",\"description\":\"L&#039;accueil des r\u00e9fugi\u00e9s en Dr\u00f4me et Vaucluse\",\"publisher\":{\"@id\":\"https:\\\/\\\/www.collectifsrefugiesdromevaucluse.fr\\\/#organization\"},\"potentialAction\":[{\"@type\":\"SearchAction\",\"target\":{\"@type\":\"EntryPoint\",\"urlTemplate\":\"https:\\\/\\\/www.collectifsrefugiesdromevaucluse.fr\\\/?s={search_term_string}\"},\"query-input\":{\"@type\":\"PropertyValueSpecification\",\"valueRequired\":true,\"valueName\":\"search_term_string\"}}],\"inLanguage\":\"fr-FR\"},{\"@type\":\"Organization\",\"@id\":\"https:\\\/\\\/www.collectifsrefugiesdromevaucluse.fr\\\/#organization\",\"name\":\"Collectifs pour l'accueil des r\u00e9fugi\u00e9s en dr\u00f4me et vaucluse\",\"url\":\"https:\\\/\\\/www.collectifsrefugiesdromevaucluse.fr\\\/\",\"logo\":{\"@type\":\"ImageObject\",\"inLanguage\":\"fr-FR\",\"@id\":\"https:\\\/\\\/www.collectifsrefugiesdromevaucluse.fr\\\/#\\\/schema\\\/logo\\\/image\\\/\",\"url\":\"https:\\\/\\\/www.collectifsrefugiesdromevaucluse.fr\\\/wp-content\\\/uploads\\\/2026\\\/02\\\/Logo-MP.png\",\"contentUrl\":\"https:\\\/\\\/www.collectifsrefugiesdromevaucluse.fr\\\/wp-content\\\/uploads\\\/2026\\\/02\\\/Logo-MP.png\",\"width\":802,\"height\":734,\"caption\":\"Collectifs pour l'accueil des r\u00e9fugi\u00e9s en dr\u00f4me et vaucluse\"},\"image\":{\"@id\":\"https:\\\/\\\/www.collectifsrefugiesdromevaucluse.fr\\\/#\\\/schema\\\/logo\\\/image\\\/\"}}]}<\/script>\n<!-- \/ Yoast SEO plugin. -->","yoast_head_json":{"title":"Collectif R\u00e9fugi\u00e9s du Vaucluse - Collectifs pour l&#039;accueil des r\u00e9fugi\u00e9s en dr\u00f4me et vaucluse","robots":{"index":"index","follow":"follow","max-snippet":"max-snippet:-1","max-image-preview":"max-image-preview:large","max-video-preview":"max-video-preview:-1"},"canonical":"https:\/\/www.collectifsrefugiesdromevaucluse.fr\/index.php\/comites__trashed\/collectif-refugies-du-vaucluse\/","og_locale":"fr_FR","og_type":"article","og_title":"Collectif R\u00e9fugi\u00e9s du Vaucluse - Collectifs pour l&#039;accueil des r\u00e9fugi\u00e9s en dr\u00f4me et vaucluse","og_description":"Mise \u00e0 jour du 23 05 2017 Collectif R\u00e9fugi\u00e9s du Vaucluse &#8211; Pr\u00e9sentation &#8220;Les valeurs de fraternit\u00e9, d\u2019hospitalit\u00e9, de solidarit\u00e9, de partage, de bienveillance \u00e0 l\u2019\u00e9gard des personnes fuyant la guerre, la dictature, et la mis\u00e8re, sont au c\u0153ur du projet de notre collectif. Nous sommes une seule humanit\u00e9 sur une seule terre vivante. Qu\u2019on [&hellip;]","og_url":"https:\/\/www.collectifsrefugiesdromevaucluse.fr\/index.php\/comites__trashed\/collectif-refugies-du-vaucluse\/","og_site_name":"Collectifs pour l&#039;accueil des r\u00e9fugi\u00e9s en dr\u00f4me et vaucluse","article_modified_time":"2025-06-23T12:09:02+00:00","twitter_card":"summary_large_image","twitter_misc":{"Dur\u00e9e de lecture estim\u00e9e":"2 minutes"},"schema":{"@context":"https:\/\/schema.org","@graph":[{"@type":"WebPage","@id":"https:\/\/www.collectifsrefugiesdromevaucluse.fr\/index.php\/comites__trashed\/collectif-refugies-du-vaucluse\/","url":"https:\/\/www.collectifsrefugiesdromevaucluse.fr\/index.php\/comites__trashed\/collectif-refugies-du-vaucluse\/","name":"Collectif R\u00e9fugi\u00e9s du Vaucluse - Collectifs pour l&#039;accueil des r\u00e9fugi\u00e9s en dr\u00f4me et vaucluse","isPartOf":{"@id":"https:\/\/www.collectifsrefugiesdromevaucluse.fr\/#website"},"datePublished":"2017-05-23T21:21:47+00:00","dateModified":"2025-06-23T12:09:02+00:00","breadcrumb":{"@id":"https:\/\/www.collectifsrefugiesdromevaucluse.fr\/index.php\/comites__trashed\/collectif-refugies-du-vaucluse\/#breadcrumb"},"inLanguage":"fr-FR","potentialAction":[{"@type":"ReadAction","target":["https:\/\/www.collectifsrefugiesdromevaucluse.fr\/index.php\/comites__trashed\/collectif-refugies-du-vaucluse\/"]}]},{"@type":"BreadcrumbList","@id":"https:\/\/www.collectifsrefugiesdromevaucluse.fr\/index.php\/comites__trashed\/collectif-refugies-du-vaucluse\/#breadcrumb","itemListElement":[{"@type":"ListItem","position":1,"name":"Accueil","item":"https:\/\/www.collectifsrefugiesdromevaucluse.fr\/"},{"@type":"ListItem","position":2,"name":"Collectif R\u00e9fugi\u00e9s du Vaucluse"}]},{"@type":"WebSite","@id":"https:\/\/www.collectifsrefugiesdromevaucluse.fr\/#website","url":"https:\/\/www.collectifsrefugiesdromevaucluse.fr\/","name":"Collectifs pour l'accueil des r\u00e9fugi\u00e9s en dr\u00f4me et vaucluse","description":"L&#039;accueil des r\u00e9fugi\u00e9s en Dr\u00f4me et Vaucluse","publisher":{"@id":"https:\/\/www.collectifsrefugiesdromevaucluse.fr\/#organization"},"potentialAction":[{"@type":"SearchAction","target":{"@type":"EntryPoint","urlTemplate":"https:\/\/www.collectifsrefugiesdromevaucluse.fr\/?s={search_term_string}"},"query-input":{"@type":"PropertyValueSpecification","valueRequired":true,"valueName":"search_term_string"}}],"inLanguage":"fr-FR"},{"@type":"Organization","@id":"https:\/\/www.collectifsrefugiesdromevaucluse.fr\/#organization","name":"Collectifs pour l'accueil des r\u00e9fugi\u00e9s en dr\u00f4me et vaucluse","url":"https:\/\/www.collectifsrefugiesdromevaucluse.fr\/","logo":{"@type":"ImageObject","inLanguage":"fr-FR","@id":"https:\/\/www.collectifsrefugiesdromevaucluse.fr\/#\/schema\/logo\/image\/","url":"https:\/\/www.collectifsrefugiesdromevaucluse.fr\/wp-content\/uploads\/2026\/02\/Logo-MP.png","contentUrl":"https:\/\/www.collectifsrefugiesdromevaucluse.fr\/wp-content\/uploads\/2026\/02\/Logo-MP.png","width":802,"height":734,"caption":"Collectifs pour l'accueil des r\u00e9fugi\u00e9s en dr\u00f4me et vaucluse"},"image":{"@id":"https:\/\/www.collectifsrefugiesdromevaucluse.fr\/#\/schema\/logo\/image\/"}}]}},"jetpack_sharing_enabled":true,"_links":{"self":[{"href":"https:\/\/www.collectifsrefugiesdromevaucluse.fr\/index.php\/wp-json\/wp\/v2\/pages\/1235","targetHints":{"allow":["GET"]}}],"collection":[{"href":"https:\/\/www.collectifsrefugiesdromevaucluse.fr\/index.php\/wp-json\/wp\/v2\/pages"}],"about":[{"href":"https:\/\/www.collectifsrefugiesdromevaucluse.fr\/index.php\/wp-json\/wp\/v2\/types\/page"}],"author":[{"embeddable":true,"href":"https:\/\/www.collectifsrefugiesdromevaucluse.fr\/index.php\/wp-json\/wp\/v2\/users\/1"}],"replies":[{"embeddable":true,"href":"https:\/\/www.collectifsrefugiesdromevaucluse.fr\/index.php\/wp-json\/wp\/v2\/comments?post=1235"}],"version-history":[{"count":3,"href":"https:\/\/www.collectifsrefugiesdromevaucluse.fr\/index.php\/wp-json\/wp\/v2\/pages\/1235\/revisions"}],"predecessor-version":[{"id":6853,"href":"https:\/\/www.collectifsrefugiesdromevaucluse.fr\/index.php\/wp-json\/wp\/v2\/pages\/1235\/revisions\/6853"}],"wp:attachment":[{"href":"https:\/\/www.collectifsrefugiesdromevaucluse.fr\/index.php\/wp-json\/wp\/v2\/media?parent=1235"}],"curies":[{"name":"wp","href":"https:\/\/api.w.org\/{rel}","templated":true}]}}